= 5*g - 13. Calculate s(g).
8
Let h = -3 + 6. Suppose 0*z = z. Let x(i) = -3 - 2*i + i + z. Calculate x(h).
-6
Let m(w) = -w**3 + 4*w**2 + 8*w - 4. Let r be 9*(-3)/(-36)*4. Suppose -4 + 19 = r*q. Determine m(q).
11
Let i be (14/35)/(2/(-10)). Let f(b) be the second derivative of -b**4/4 - b**3/6 + b**2/2 - 4*b. What is f(i)?
-9
Let s(r) = 8*r**3 - 7*r**2 + 7*r - 6. Let n(g) = 4*g**3 - 3*g**2 + 3*g - 3. Let c(v) = 5*n(v) - 2*s(v). Let u(y) be the first derivative of c(y). What is u(1)?
11
Let f(n) = 4*n + 12. Let m(o) = -5*o - 12. Let b(q) = -4*f(q) - 3*m(q). What is b(-6)?
-6
Let j = -1 - -18. Let p(n) = 3*n - j + 3*n + 17. Give p(-3).
-18
Let j(k) = 4*k - 2. Let q(x) = 23*x - 12. Let h(p) = -34*j(p) + 6*q(p). Calculate h(4).
4
Let q = 27 - 25. Let y(a) = 8*a - 2. Give y(q).
14
Let a(r) = 2*r + 4. Let k = 6 + -12. Calculate a(k).
-8
Let i(q) = -3*q**3 + q**2 + q - 1. Suppose -2*z + 5*u = 1, -u = -0*z - 4*z + 7. Give i(z).
-19
Suppose 2*r - 5*w = 11, -w = -2*r - 5*w + 2. Suppose r*d - 17 - 10 = -5*z, 4*d = -4*z + 28. Let o(n) = -n**3 + 3*n**2 + 4*n + 5. Give o(d).
5
Let j(n) = n**3 + 9*n**2 + 7*n + 6. Let f(c) = -8*c**2 - 6*c - 5. Let s(l) = -7*f(l) - 6*j(l). Determine s(-1).
7
Let k(g) be the third derivative of -g**5/30 - g**3/6 - 9*g**2. Give k(-1).
-3
Let r be (-1 + 0)*1*-12. Let m be (3/9)/(1/r). Let t(p) = 0*p**2 - 1 - p**3 + 2*p**2 + 2*p**2 + m*p. What is t(5)?
-6
Let a be ((-2)/(-4))/(8/112). Suppose 0 = a*h - 4*h - 12. Suppose 0*d = 4*d + 16, -h*g + 5*d = 4. Let r(p) = -p - 2. Give r(g).
4
Let o(f) = 7*f**3 + 13*f**2 + f + 2. Let m(t) = -4*t**3 - 7*t**2 - 1. Let r(z) = 5*m(z) + 3*o(z). Let y(g) = -2*g**3 - g**2 - g + 1. Let h be y(1). Give r(h).
1
Let n be (-1 + 7)*6/12. Let z(f) = f**2 - f + 2. Determine z(n).
8
Let j be (-8)/(((-8)/2)/4). Let s be (-4)/j + 10/(-4). Let r(z) = 2*z**2 + 4*z. Calculate r(s).
6
Let d be 2 + 1/(-1) - -7. Suppose -3*m - 3*o + d = -1, -4*m + o = 8. Let p be (-1)/2*(-3 + m). Let z(i) = -2*i**2 + 2. What is z(p)?
-6
Let y = -6 + 13. Let h = -4 + y. Let r(v) = -v**h - 4*v**2 - v**2 + 2*v**2. What is r(-3)?
0
Let m be ((-3)/3 + 2)*(-4)/(-4). Let o(z) = -8*z**2 - 2*z + 1. Calculate o(m).
-9
Let t(x) = -1 - 1 - 2*x + x**2 + 1. Suppose 3*i - 6*i - 6 = 3*m, 0 = 4*m + i - 4. Calculate t(m).
-1
Suppose 2*m - 3 = 3*r + 5*m, -2*r = 5*m + 11. Let b(c) = 2*c**2 - 3*c**r + 4 + c**2 - c**2. Give b(0).
4
Suppose 12 - 10 = 2*x. Let o(w) = -21*w**3 + 1. Determine o(x).
-20
Let a(c) = 1 - 10 - 12 - 4 + c. Give a(0).
-25
Let c(h) = 3 - 2 - 4*h**3 + 3*h + 3*h**3 - h**2. Let p(y) = -2*y**2 + 2*y + 0 + 0*y**2 + y**2 - 2. Let k be p(2). Calculate c(k).
-1
Let n(y) be the third derivative of 3*y**5/20 + y**4/12 - y**3/6 - 4*y**2. Determine n(1).
10
Let q(v) = v - 2. Suppose -34 = 10*b + 16. What is q(b)?
-7
Let u(f) = -8*f + 13*f - 4*f**2 + 3*f**2. Let j be u(4). Let v(b) = 6 - 3*b**2 + 4*b**2 + 0*b**2 - 8*b. Determine v(j).
-10
Let o(f) = -f**3 - 6*f**2 - f - 1. Let j be (-1 - -2)/((-7)/(-28)). Suppose -y = -j*g - 27, -g = 3*g + y + 21. Give o(g).
5
Let v(c) = c**2 + 3*c - 4. Let a be v(-7). Let i be (-8)/a*(8 + 1). Let n(h) = 3*h - 3. Calculate n(i).
-12
Let k(h) = -3*h + 3. Let a = -3 - 0. Suppose -4*z + i + 6 = 0, 4*z - i + 2 = 4*i. Let o be (z - 3) + a/(-1). Calculate k(o).
-3
Let o(p) be the second derivative of p**5/60 - p**4/3 + 5*p**3/6 - p**2 - 2*p. Let f(h) be the first derivative of o(h). Give f(6).
-7
Suppose -a - 3*a + 5*v - 57 = 0, -3*a - 3*v = 9. Let d be 1/2 + (-12)/a. Let j(n) = 3*n + 2. Give j(d).
8
Let i(m) be the third derivative of -6*m**2 + 0*m**3 + 0 - 1/24*m**4 + 0*m. Let g be 15/(-12) - (-2)/8. Determine i(g).
1
Let v(c) = c + 3 - 6 + 0*c + 2. Let p(s) = -2. Let n(a) = -4*p(a) + 5*v(a). Give n(-2).
-7
Let i be 0 - 1*15/5. Let p(y) = y + 1. Give p(i).
-2
Let c be (-2 + 0)*6/4. Let w(r) = 4*r - r - 2*r**2 + 3*r**2. Calculate w(c).
0
Let x(z) = z**2 - 2*z - 1. Suppose -4*h + 12 = 5*q, -h - q + 3 = 4*q. Let n(k) = k + 8. Let d be n(-9). Let i = h + d. Give x(i).
-1
Let w = 2 - -17. Suppose 3*f = -7 + w. Let d be f*3/(2 + 1). Let n(l) = l**3 - 3*l**2 - 6*l + 5. Calculate n(d).
-3
Let l(f) = f + 7. Let y be l(-5). Let n(a) = -1 + 3*a + 0 + a**y - 2. What is n(-4)?
1
Let w(r) = -r**2 - r + 1. Let g(k) = k**3 + 9*k**2 + 8*k - 5. Let q(z) = g(z) + 5*w(z). Let m be (-2)/(-4)*2 - 3. Give q(m).
2
Suppose -5*k - 27 = -7. Let a(t) = t**3 + 2*t**2 - 6*t - 6. Give a(k).
-14
Let z(i) = -5 + 2 - 9*i + 4 - 2. Let b(w) = w - 7. Let h be b(6). Determine z(h).
8
Let r(i) be the second derivative of 0*i**3 + 4*i - i**2 + 0 + 1/12*i**4. Give r(2).
2
Let m(a) = -10*a - 4. Let i(x) = 7*x + 3. Let h(v) = -7*i(v) - 5*m(v). Give h(0).
-1
Let f(m) be the first derivative of -7*m**5/20 - m**4/12 + m**3/6 + m**2/2 - 3*m - 2. Let n(q) be the first derivative of f(q). Calculate n(-1).
6
Suppose k + 13 = 19. Let q(g) be the third derivative of g**5/60 - 7*g**4/24 + g**3 + g**2. Give q(k).
0
Let y(r) be the third derivative of r**5/60 - r**4/8 - r**3/2 + 3*r**2. Let a = 2 - 4. Calculate y(a).
7
Let k(w) = -3*w**3 + 3*w - 2. Let f be k(1). Let m(l) = l**2 + l - 1. Let q(r) = -r**2 - 5*r - 5. Let d(i) = f*m(i) - q(i). Give d(6).
-11
Let j be -1*(-3)/(-6)*-2. Let c be ((-18)/(-21))/j*7. Let o(z) = -2*z + 0 - 1 + 3*z - 7. What is o(c)?
-2
Let k(r) = -r. Let u(m) = -4*m. Let a(z) = 9*k(z) - 2*u(z). Give a(5).
-5
Let a be 0 - (3 + -9)/3. Suppose 5*w = a*y - 20, -2*w + w = -3*y + 4. Let k(u) = u**3 + 4*u**2 + u - 1. Give k(w).
-5
Let p(o) be the third derivative of -o**5/10 - o**4/24 - o**3/6 + 11*o**2. Determine p(-1).
-6
Let x = -3 + 3. Suppose -2 = 4*w - 3*l - 14, x = -w + 4*l + 3. Let q(m) = 2*m - 2*m + 2 - 4*m. What is q(w)?
-10
Suppose -3*t = -b - 13, 0*t - 1 = -3*t - 2*b. Let q(f) = -f**2 + 2*f + 3. Calculate q(t).
0
Let w(d) = -d**2 + 5*d + 8. Let h(f) = 5*f - 4. Let v be h(2). What is w(v)?
2
Let l(g) = -g**2 - g - 1. Let w = 40 + -40. Calculate l(w).
-1
Let x = 35 - 42. Let c(d) = -d**3 - 6*d**2 + 8*d + 9. Determine c(x).
2
Let h(u) = -u**2 + 3*u - 3. Let w(y) be the second derivative of y**4/4 - 5*y**3/3 + 5*y**2 + 4*y. Let k(g) = 8*h(g) + 3*w(g). Determine k(6).
6
Suppose u = 3*j + 8, 12 = -2*u + j - 2*j. Let p(n) = 0 + 0*n**3 - 3*n**2 + n - n**3 - 5 + 0. Give p(u).
7
Suppose -f + 8 = 3*f. Let w(s) = s**2 + 1 + 1 + s - f. Let v(a) = -3*a**2 - 3*a - 1. Let j(k) = 2*v(k) + 5*w(k). What is j(0)?
-2
Let f(l) = l**3 - l**2 + 3. Let n(y) = -4*y**3 + 0*y**3 + y + 4*y**2 + y**3 - 10. Let t(c) = -7*f(c) - 2*n(c). What is t(-2)?
7
Suppose 8 = -4*q + 2*g - 5*g, -5 = 3*q + 2*g. Let m be q*(1 - 0)*1. Let b(i) = -5*i - 1. Determine b(m).
-6
Let a(r) = -r**2 - 6*r - 6. Suppose 0 = 3*l - 0*l - 15. Suppose 0*d + 4*d + 16 = -2*s, -12 = l*s - 4*d. Determine a(s).
2
Suppose 2*f = 4*o + 16, -20 = -4*f + 3*o + o. Let n(w) = -w**2 + w**2 + 1 + f*w + 2*w**2 - w**2. Calculate n(-2).
1
Let s(b) = b**3 + 0*b**3 + 12 + 7*b**2 - 6*b**2 - 1. Determine s(0).
11
Let b(o) = 0*o + 0*o - 3*o + 2*o - 10. Calculate b(-8).
-2
Let s(w) = 0*w + 0*w - 3*w - w**2. Let c(z) = -z**2 + 1. Let m be c(-1). Suppose -h + m*h = 4. Give s(h).
-4
Let y = -2 + 3. Let z(b) = -8*b + 2. Let o(s) be the first derivative of -s**2/2 + s - 1. Let t(m) = o(m) - z(m). What is t(y)?
6
Let x(g) = -g - 7. Let w be 5/10 + 2/4. Let v be (2*w)/((-2)/3). Let h(y) = -2*y - 7. Let p(a) = v*x(a) + 2*h(a). Determine p(5).
2
Let g(r) be the third derivative of -4*r**2 + 0 + 0*r + 4/3*r**3 + 1/24*r**4. What is g(-4)?
4
Suppose -3*a - 3 = -w - 0, a - 12 = -4*w. Let r be (-2)/(-2 + a) + -4. Let c(y) be the second derivative of -y**3/3 - 2*y**2 - y. What is c(r)?
2
Let q(d) = -15*d - 4 + 9*d**2 - 10*d**2 + 6*d. Let t(b) = -7*b**3 + 2*b - 1. Let z be t(1). What is q(z)?
14
Let d(g) = g**2 - 9*g + 1. Suppose -2*w + 2*b + 4 = -10, w - 3*b - 5 = 0. Determine d(w).
-7
Let w(t) = -2*t**3 - 2*t**2 - t - 1. Suppose -2*k = -4*k + 20. Suppose -2*o - 3*o = k. Calculate w(o).
9
Let c(t) = t**3 + 4*t**2 - 8*t - 5. Let p be c(-5). Let u be 44/p + (-6)/15. Let k(q) = 4*q - 6. What is k(u)?
10
Let o(s) = -s**2 + 4*s**2 + s**3 + 3*s - 17 + 20. Calculate o(-2).
1
Let g(z) = 1. Let f(a) = a - 1. Suppose -3*i - 3 = -4*i. Let p(s) = i*g(s) + 3*f(s). What is p(-3)?
-9
Let l be 7*(-2 + 16/7). Let r = 9 + -3. Let h(n) = -r*n + 4*n +